{"id":2792,"date":"2022-12-14T14:13:27","date_gmt":"2022-12-14T13:13:27","guid":{"rendered":"https:\/\/tcs-vd.ch\/blog\/?page_id=2792"},"modified":"2022-12-14T14:15:30","modified_gmt":"2022-12-14T13:15:30","slug":"thematiques","status":"publish","type":"page","link":"https:\/\/tcs-vd.ch\/blog\/thematiques\/","title":{"rendered":"Th\u00e9matiques"},"content":{"rendered":"\n<p class=\"has-text-align-center\"><\/p>\n\n\n<ul class=\"wp-block-categories-list wp-block-categories\">\t<li class=\"cat-item cat-item-21\"><a href=\"https:\/\/tcs-vd.ch\/blog\/category\/30-km-h\/\">30 km\/h<\/a> (3)\n<\/li>\n\t<li class=\"cat-item cat-item-13\"><a href=\"https:\/\/tcs-vd.ch\/blog\/category\/conseils\/\">Conseils<\/a> (26)\n<\/li>\n\t<li class=\"cat-item cat-item-12\"><a href=\"https:\/\/tcs-vd.ch\/blog\/category\/dans-le-retro\/\">Dans le r\u00e9tro<\/a> (12)\n<\/li>\n\t<li class=\"cat-item cat-item-7\"><a href=\"https:\/\/tcs-vd.ch\/blog\/category\/decouverte\/\">D\u00e9couverte<\/a> (12)\n<\/li>\n\t<li class=\"cat-item cat-item-31\"><a href=\"https:\/\/tcs-vd.ch\/blog\/category\/enfants\/\">Enfants<\/a> (3)\n<\/li>\n\t<li class=\"cat-item cat-item-20\"><a href=\"https:\/\/tcs-vd.ch\/blog\/category\/environnement\/\">Environnement<\/a> (7)\n<\/li>\n\t<li class=\"cat-item cat-item-22\"><a href=\"https:\/\/tcs-vd.ch\/blog\/category\/formation\/\">Formation<\/a> (3)\n<\/li>\n\t<li class=\"cat-item cat-item-15\"><a href=\"https:\/\/tcs-vd.ch\/blog\/category\/formation-professionnelle\/\">Formation professionnelle<\/a> (2)\n<\/li>\n\t<li class=\"cat-item cat-item-23\"><a href=\"https:\/\/tcs-vd.ch\/blog\/category\/handicap\/\">Handicap<\/a> (2)\n<\/li>\n\t<li class=\"cat-item cat-item-8\"><a href=\"https:\/\/tcs-vd.ch\/blog\/category\/interview\/\">Interview<\/a> (3)\n<\/li>\n\t<li class=\"cat-item cat-item-18\"><a href=\"https:\/\/tcs-vd.ch\/blog\/category\/loisirs\/\">Loisirs<\/a> (30)\n<\/li>\n\t<li class=\"cat-item cat-item-6\"><a href=\"https:\/\/tcs-vd.ch\/blog\/category\/mobilite\/\">Mobilit\u00e9<\/a> (54)\n<\/li>\n\t<li class=\"cat-item cat-item-1\"><a href=\"https:\/\/tcs-vd.ch\/blog\/category\/non-classe\/\">Non class\u00e9<\/a> (7)\n<\/li>\n\t<li class=\"cat-item cat-item-9\"><a href=\"https:\/\/tcs-vd.ch\/blog\/category\/politique\/\">Politique<\/a> (15)\n<\/li>\n\t<li class=\"cat-item cat-item-5\"><a href=\"https:\/\/tcs-vd.ch\/blog\/category\/securite-routiere\/\">S\u00e9curit\u00e9 routi\u00e8re<\/a> (25)\n<\/li>\n\t<li class=\"cat-item cat-item-17\"><a href=\"https:\/\/tcs-vd.ch\/blog\/category\/societe\/\">Soci\u00e9t\u00e9<\/a> (24)\n<\/li>\n\t<li class=\"cat-item cat-item-10\"><a href=\"https:\/\/tcs-vd.ch\/blog\/category\/tendance\/\">Tendance<\/a> (17)\n<\/li>\n\t<li class=\"cat-item cat-item-11\"><a href=\"https:\/\/tcs-vd.ch\/blog\/category\/urgence\/\">Urgence<\/a> (2)\n<\/li>\n\t<li class=\"cat-item cat-item-19\"><a href=\"https:\/\/tcs-vd.ch\/blog\/category\/vaud-droits\/\">Vaud Droits<\/a> (9)\n<\/li>\n\t<li class=\"cat-item cat-item-16\"><a href=\"https:\/\/tcs-vd.ch\/blog\/category\/voyage\/\">Voyage<\/a> (15)\n<\/li>\n<\/ul>","protected":false},"excerpt":{"rendered":"","protected":false},"author":7,"featured_media":0,"parent":0,"menu_order":0,"comment_status":"closed","ping_status":"closed","template":"","meta":{"jetpack_post_was_ever_published":false,"footnotes":""},"class_list":["post-2792","page","type-page","status-publish","hentry"],"yoast_head":"<!-- This site is optimized with the Yoast SEO plugin v27.5 - https:\/\/yoast.com\/product\/yoast-seo-wordpress\/ -->\n<title>\u00e7a roule ! &#8226; Th\u00e9matiques<\/title>\n<meta name=\"description\" content=\"Tous les articles regroup\u00e9s par th\u00e9matiques.\" \/>\n<meta name=\"robots\" content=\"index, follow, max-snippet:-1, max-image-preview:large, max-video-preview:-1\" \/>\n<link rel=\"canonical\" href=\"https:\/\/tcs-vd.ch\/blog\/thematiques\/\" \/>\n<meta property=\"og:locale\" content=\"fr_FR\" \/>\n<meta property=\"og:type\" content=\"article\" \/>\n<meta property=\"og:title\" content=\"\u00e7a roule ! &#8226; Th\u00e9matiques\" \/>\n<meta property=\"og:description\" content=\"Tous les articles regroup\u00e9s par th\u00e9matiques.\" \/>\n<meta property=\"og:url\" content=\"https:\/\/tcs-vd.ch\/blog\/thematiques\/\" \/>\n<meta property=\"og:site_name\" content=\"\u00e7a roule !\" \/>\n<meta property=\"article:publisher\" content=\"https:\/\/www.facebook.com\/TCS.Vaud\/\" \/>\n<meta property=\"article:modified_time\" content=\"2022-12-14T13:15:30+00:00\" \/>\n<meta name=\"twitter:card\" content=\"summary_large_image\" \/>\n<script type=\"application\/ld+json\" class=\"yoast-schema-graph\">{\"@context\":\"https:\\\/\\\/schema.org\",\"@graph\":[{\"@type\":\"WebPage\",\"@id\":\"https:\\\/\\\/tcs-vd.ch\\\/blog\\\/thematiques\\\/\",\"url\":\"https:\\\/\\\/tcs-vd.ch\\\/blog\\\/thematiques\\\/\",\"name\":\"\u00e7a roule ! &#8226; Th\u00e9matiques\",\"isPartOf\":{\"@id\":\"https:\\\/\\\/tcs-vd.ch\\\/blog\\\/#website\"},\"datePublished\":\"2022-12-14T13:13:27+00:00\",\"dateModified\":\"2022-12-14T13:15:30+00:00\",\"description\":\"Tous les articles regroup\u00e9s par th\u00e9matiques.\",\"breadcrumb\":{\"@id\":\"https:\\\/\\\/tcs-vd.ch\\\/blog\\\/thematiques\\\/#breadcrumb\"},\"inLanguage\":\"fr-FR\",\"potentialAction\":[{\"@type\":\"ReadAction\",\"target\":[\"https:\\\/\\\/tcs-vd.ch\\\/blog\\\/thematiques\\\/\"]}]},{\"@type\":\"BreadcrumbList\",\"@id\":\"https:\\\/\\\/tcs-vd.ch\\\/blog\\\/thematiques\\\/#breadcrumb\",\"itemListElement\":[{\"@type\":\"ListItem\",\"position\":1,\"name\":\"Accueil\",\"item\":\"https:\\\/\\\/tcs-vd.ch\\\/blog\\\/\"},{\"@type\":\"ListItem\",\"position\":2,\"name\":\"Th\u00e9matiques\"}]},{\"@type\":\"WebSite\",\"@id\":\"https:\\\/\\\/tcs-vd.ch\\\/blog\\\/#website\",\"url\":\"https:\\\/\\\/tcs-vd.ch\\\/blog\\\/\",\"name\":\"blog du TCS Vaud\",\"description\":\"Section vaudoise -Blog \",\"publisher\":{\"@id\":\"https:\\\/\\\/tcs-vd.ch\\\/blog\\\/#organization\"},\"potentialAction\":[{\"@type\":\"SearchAction\",\"target\":{\"@type\":\"EntryPoint\",\"urlTemplate\":\"https:\\\/\\\/tcs-vd.ch\\\/blog\\\/?s={search_term_string}\"},\"query-input\":{\"@type\":\"PropertyValueSpecification\",\"valueRequired\":true,\"valueName\":\"search_term_string\"}}],\"inLanguage\":\"fr-FR\"},{\"@type\":\"Organization\",\"@id\":\"https:\\\/\\\/tcs-vd.ch\\\/blog\\\/#organization\",\"name\":\"TCS Vaud\",\"url\":\"https:\\\/\\\/tcs-vd.ch\\\/blog\\\/\",\"logo\":{\"@type\":\"ImageObject\",\"inLanguage\":\"fr-FR\",\"@id\":\"https:\\\/\\\/tcs-vd.ch\\\/blog\\\/#\\\/schema\\\/logo\\\/image\\\/\",\"url\":\"https:\\\/\\\/tcs-vd.ch\\\/blog\\\/wp-content\\\/uploads\\\/2021\\\/08\\\/Blog-TCS-Vaud-1-edited.jpg\",\"contentUrl\":\"https:\\\/\\\/tcs-vd.ch\\\/blog\\\/wp-content\\\/uploads\\\/2021\\\/08\\\/Blog-TCS-Vaud-1-edited.jpg\",\"width\":800,\"height\":534,\"caption\":\"TCS Vaud\"},\"image\":{\"@id\":\"https:\\\/\\\/tcs-vd.ch\\\/blog\\\/#\\\/schema\\\/logo\\\/image\\\/\"},\"sameAs\":[\"https:\\\/\\\/www.facebook.com\\\/TCS.Vaud\\\/\",\"https:\\\/\\\/www.instagram.com\\\/tcssectionvaudoise\",\"https:\\\/\\\/www.linkedin.com\\\/company\\\/tcs-section-vaudoise\"]}]}<\/script>\n<!-- \/ Yoast SEO plugin. -->","yoast_head_json":{"title":"\u00e7a roule ! &#8226; Th\u00e9matiques","description":"Tous les articles regroup\u00e9s par th\u00e9matiques.","robots":{"index":"index","follow":"follow","max-snippet":"max-snippet:-1","max-image-preview":"max-image-preview:large","max-video-preview":"max-video-preview:-1"},"canonical":"https:\/\/tcs-vd.ch\/blog\/thematiques\/","og_locale":"fr_FR","og_type":"article","og_title":"\u00e7a roule ! &#8226; Th\u00e9matiques","og_description":"Tous les articles regroup\u00e9s par th\u00e9matiques.","og_url":"https:\/\/tcs-vd.ch\/blog\/thematiques\/","og_site_name":"\u00e7a roule !","article_publisher":"https:\/\/www.facebook.com\/TCS.Vaud\/","article_modified_time":"2022-12-14T13:15:30+00:00","twitter_card":"summary_large_image","schema":{"@context":"https:\/\/schema.org","@graph":[{"@type":"WebPage","@id":"https:\/\/tcs-vd.ch\/blog\/thematiques\/","url":"https:\/\/tcs-vd.ch\/blog\/thematiques\/","name":"\u00e7a roule ! &#8226; Th\u00e9matiques","isPartOf":{"@id":"https:\/\/tcs-vd.ch\/blog\/#website"},"datePublished":"2022-12-14T13:13:27+00:00","dateModified":"2022-12-14T13:15:30+00:00","description":"Tous les articles regroup\u00e9s par th\u00e9matiques.","breadcrumb":{"@id":"https:\/\/tcs-vd.ch\/blog\/thematiques\/#breadcrumb"},"inLanguage":"fr-FR","potentialAction":[{"@type":"ReadAction","target":["https:\/\/tcs-vd.ch\/blog\/thematiques\/"]}]},{"@type":"BreadcrumbList","@id":"https:\/\/tcs-vd.ch\/blog\/thematiques\/#breadcrumb","itemListElement":[{"@type":"ListItem","position":1,"name":"Accueil","item":"https:\/\/tcs-vd.ch\/blog\/"},{"@type":"ListItem","position":2,"name":"Th\u00e9matiques"}]},{"@type":"WebSite","@id":"https:\/\/tcs-vd.ch\/blog\/#website","url":"https:\/\/tcs-vd.ch\/blog\/","name":"blog du TCS Vaud","description":"Section vaudoise -Blog ","publisher":{"@id":"https:\/\/tcs-vd.ch\/blog\/#organization"},"potentialAction":[{"@type":"SearchAction","target":{"@type":"EntryPoint","urlTemplate":"https:\/\/tcs-vd.ch\/blog\/?s={search_term_string}"},"query-input":{"@type":"PropertyValueSpecification","valueRequired":true,"valueName":"search_term_string"}}],"inLanguage":"fr-FR"},{"@type":"Organization","@id":"https:\/\/tcs-vd.ch\/blog\/#organization","name":"TCS Vaud","url":"https:\/\/tcs-vd.ch\/blog\/","logo":{"@type":"ImageObject","inLanguage":"fr-FR","@id":"https:\/\/tcs-vd.ch\/blog\/#\/schema\/logo\/image\/","url":"https:\/\/tcs-vd.ch\/blog\/wp-content\/uploads\/2021\/08\/Blog-TCS-Vaud-1-edited.jpg","contentUrl":"https:\/\/tcs-vd.ch\/blog\/wp-content\/uploads\/2021\/08\/Blog-TCS-Vaud-1-edited.jpg","width":800,"height":534,"caption":"TCS Vaud"},"image":{"@id":"https:\/\/tcs-vd.ch\/blog\/#\/schema\/logo\/image\/"},"sameAs":["https:\/\/www.facebook.com\/TCS.Vaud\/","https:\/\/www.instagram.com\/tcssectionvaudoise","https:\/\/www.linkedin.com\/company\/tcs-section-vaudoise"]}]}},"jetpack_sharing_enabled":true,"_links":{"self":[{"href":"https:\/\/tcs-vd.ch\/blog\/wp-json\/wp\/v2\/pages\/2792","targetHints":{"allow":["GET"]}}],"collection":[{"href":"https:\/\/tcs-vd.ch\/blog\/wp-json\/wp\/v2\/pages"}],"about":[{"href":"https:\/\/tcs-vd.ch\/blog\/wp-json\/wp\/v2\/types\/page"}],"author":[{"embeddable":true,"href":"https:\/\/tcs-vd.ch\/blog\/wp-json\/wp\/v2\/users\/7"}],"replies":[{"embeddable":true,"href":"https:\/\/tcs-vd.ch\/blog\/wp-json\/wp\/v2\/comments?post=2792"}],"version-history":[{"count":4,"href":"https:\/\/tcs-vd.ch\/blog\/wp-json\/wp\/v2\/pages\/2792\/revisions"}],"predecessor-version":[{"id":2798,"href":"https:\/\/tcs-vd.ch\/blog\/wp-json\/wp\/v2\/pages\/2792\/revisions\/2798"}],"wp:attachment":[{"href":"https:\/\/tcs-vd.ch\/blog\/wp-json\/wp\/v2\/media?parent=2792"}],"curies":[{"name":"wp","href":"https:\/\/api.w.org\/{rel}","templated":true}]}}